[INFO] cloning repository https://github.com/ThePrimeagen/he-uses-tabs
[INFO] running `Command { std: "git" "-c" "credential.helper=" "-c" "credential.helper=/workspace/cargo-home/bin/git-credential-null" "clone" "--bare" "https://github.com/ThePrimeagen/he-uses-tabs" "/workspace/cache/git-repos/https%3A%2F%2Fgithub.com%2FThePrimeagen%2Fhe-uses-tabs", kill_on_drop: false }`
[INFO] [stderr] Cloning into bare repository '/workspace/cache/git-repos/https%3A%2F%2Fgithub.com%2FThePrimeagen%2Fhe-uses-tabs'...
[INFO] running `Command { std: "git" "rev-parse" "HEAD", kill_on_drop: false }`
[INFO] [stdout] 2e1b0dbe00ba96c282af68ea25fdca7339950ced
[INFO] checking ThePrimeagen/he-uses-tabs against master#9610dfe5a9a731ced1ea4923ecbd0c57fe367898 for beta-170-4
[INFO] running `Command { std: "git" "clone" "/workspace/cache/git-repos/https%3A%2F%2Fgithub.com%2FThePrimeagen%2Fhe-uses-tabs" "/workspace/builds/worker-7-tc1/source", kill_on_drop: false }`
[INFO] [stderr] Cloning into '/workspace/builds/worker-7-tc1/source'...
[INFO] [stderr] done.
[INFO] validating manifest of git repo https://github.com/ThePrimeagen/he-uses-tabs on toolchain 9610dfe5a9a731ced1ea4923ecbd0c57fe367898
[INFO] running `Command { std: CARGO_HOME="/workspace/cargo-home" RUSTUP_HOME="/workspace/rustup-home" "/workspace/cargo-home/bin/cargo" "+9610dfe5a9a731ced1ea4923ecbd0c57fe367898" "metadata" "--manifest-path" "Cargo.toml" "--no-deps", kill_on_drop: false }`
[INFO] started tweaking git repo https://github.com/ThePrimeagen/he-uses-tabs
[INFO] finished tweaking git repo https://github.com/ThePrimeagen/he-uses-tabs
[INFO] tweaked toml for git repo https://github.com/ThePrimeagen/he-uses-tabs written to /workspace/builds/worker-7-tc1/source/Cargo.toml
[INFO] crate git repo https://github.com/ThePrimeagen/he-uses-tabs already has a lockfile, it will not be regenerated
[INFO] running `Command { std: CARGO_HOME="/workspace/cargo-home" RUSTUP_HOME="/workspace/rustup-home" "/workspace/cargo-home/bin/cargo" "+9610dfe5a9a731ced1ea4923ecbd0c57fe367898" "fetch" "--manifest-path" "Cargo.toml", kill_on_drop: false }`
[INFO] [stderr]  Downloading crates ...
[INFO] [stderr]   Downloaded tokio-tungstenite v0.17.1
[INFO] running `Command { std: "docker" "create" "-v" "/var/lib/crater-agent-workspace/builds/worker-7-tc1/target:/opt/rustwide/target:rw,Z" "-v" "/var/lib/crater-agent-workspace/builds/worker-7-tc1/source:/opt/rustwide/workdir:ro,Z" "-v" "/var/lib/crater-agent-workspace/cargo-home:/opt/rustwide/cargo-home:ro,Z" "-v" "/var/lib/crater-agent-workspace/rustup-home:/opt/rustwide/rustup-home:ro,Z" "-e" "SOURCE_DIR=/opt/rustwide/workdir" "-e" "CARGO_TARGET_DIR=/opt/rustwide/target" "-e" "CARGO_HOME=/opt/rustwide/cargo-home" "-e" "RUSTUP_HOME=/opt/rustwide/rustup-home" "-w" "/opt/rustwide/workdir" "-m" "1610612736" "--user" "0:0" "--network" "none" "ghcr.io/rust-lang/crates-build-env/linux@sha256:19e73879b68f455e41552ea35293514db52ea292d993f571636dbffedb77a1ee" "/opt/rustwide/cargo-home/bin/cargo" "+9610dfe5a9a731ced1ea4923ecbd0c57fe367898" "metadata" "--no-deps" "--format-version=1", kill_on_drop: false }`
[INFO] [stdout] b76284407e3491dca5488a8ef39c73fe774f2519a57feffa29c5240673507e3b
[INFO] running `Command { std: "docker" "start" "-a" "b76284407e3491dca5488a8ef39c73fe774f2519a57feffa29c5240673507e3b", kill_on_drop: false }`
[INFO] running `Command { std: "docker" "inspect" "b76284407e3491dca5488a8ef39c73fe774f2519a57feffa29c5240673507e3b", kill_on_drop: false }`
[INFO] running `Command { std: "docker" "rm" "-f" "b76284407e3491dca5488a8ef39c73fe774f2519a57feffa29c5240673507e3b", kill_on_drop: false }`
[INFO] [stdout] b76284407e3491dca5488a8ef39c73fe774f2519a57feffa29c5240673507e3b
[INFO] running `Command { std: "docker" "create" "-v" "/var/lib/crater-agent-workspace/builds/worker-7-tc1/target:/opt/rustwide/target:rw,Z" "-v" "/var/lib/crater-agent-workspace/builds/worker-7-tc1/source:/opt/rustwide/workdir:ro,Z" "-v" "/var/lib/crater-agent-workspace/cargo-home:/opt/rustwide/cargo-home:ro,Z" "-v" "/var/lib/crater-agent-workspace/rustup-home:/opt/rustwide/rustup-home:ro,Z" "-e" "SOURCE_DIR=/opt/rustwide/workdir" "-e" "CARGO_TARGET_DIR=/opt/rustwide/target" "-e" "CARGO_INCREMENTAL=0" "-e" "RUST_BACKTRACE=full" "-e" "RUSTFLAGS=--cap-lints=forbid" "-e" "RUSTDOCFLAGS=--cap-lints=forbid" "-e" "CARGO_HOME=/opt/rustwide/cargo-home" "-e" "RUSTUP_HOME=/opt/rustwide/rustup-home" "-w" "/opt/rustwide/workdir" "-m" "1610612736" "--user" "0:0" "--network" "none" "ghcr.io/rust-lang/crates-build-env/linux@sha256:19e73879b68f455e41552ea35293514db52ea292d993f571636dbffedb77a1ee" "/opt/rustwide/cargo-home/bin/cargo" "+9610dfe5a9a731ced1ea4923ecbd0c57fe367898" "check" "--frozen" "--all" "--all-targets" "--message-format=json", kill_on_drop: false }`
[INFO] [stdout] 8b90c0623f47487f1438b37d9bddada39c2a4fb7b519a4cf407dc0590de68403
[INFO] running `Command { std: "docker" "start" "-a" "8b90c0623f47487f1438b37d9bddada39c2a4fb7b519a4cf407dc0590de68403", kill_on_drop: false }`
[INFO] [stderr]    Compiling proc-macro2 v1.0.37
[INFO] [stderr]    Compiling syn v1.0.91
[INFO] [stderr]    Compiling libc v0.2.124
[INFO] [stderr]    Compiling generic-array v0.14.5
[INFO] [stderr]    Compiling memchr v2.4.1
[INFO] [stderr]    Compiling log v0.4.16
[INFO] [stderr]    Compiling futures-channel v0.3.21
[INFO] [stderr]    Compiling parking_lot_core v0.9.2
[INFO] [stderr]     Checking pin-project-lite v0.2.8
[INFO] [stderr]    Compiling futures-task v0.3.21
[INFO] [stderr]     Checking tinyvec v1.5.1
[INFO] [stderr]     Checking futures-sink v0.3.21
[INFO] [stderr]    Compiling futures-util v0.3.21
[INFO] [stderr]     Checking bytes v1.1.0
[INFO] [stderr]     Checking unicode-bidi v0.3.7
[INFO] [stderr]     Checking futures-io v0.3.21
[INFO] [stderr]     Checking itoa v1.0.1
[INFO] [stderr]    Compiling httparse v1.7.0
[INFO] [stderr]    Compiling serde v1.0.136
[INFO] [stderr]    Compiling quote v1.0.18
[INFO] [stderr]     Checking block-buffer v0.10.2
[INFO] [stderr]     Checking crypto-common v0.1.3
[INFO] [stderr]     Checking cpufeatures v0.2.2
[INFO] [stderr]     Checking digest v0.10.3
[INFO] [stderr]     Checking http v0.2.6
[INFO] [stderr]     Checking getrandom v0.2.6
[INFO] [stderr]     Checking socket2 v0.4.4
[INFO] [stderr]     Checking rand_core v0.6.3
[INFO] [stderr]     Checking signal-hook-registry v1.4.0
[INFO] [stderr]     Checking unicode-normalization v0.1.19
[INFO] [stderr]     Checking mio v0.8.2
[INFO] [stderr]     Checking rand_chacha v0.3.1
[INFO] [stderr]     Checking num_cpus v1.13.1
[INFO] [stderr]     Checking parking_lot v0.12.0
[INFO] [stderr]     Checking sha-1 v0.10.0
[INFO] [stderr]     Checking rand v0.8.5
[INFO] [stderr]    Compiling serde_json v1.0.79
[INFO] [stderr]     Checking utf-8 v0.7.6
[INFO] [stderr]     Checking ryu v1.0.9
[INFO] [stderr]     Checking idna v0.2.3
[INFO] [stderr]     Checking url v2.2.2
[INFO] [stderr]    Compiling futures-macro v0.3.21
[INFO] [stderr]    Compiling thiserror-impl v1.0.30
[INFO] [stderr]    Compiling tokio-macros v1.7.0
[INFO] [stderr]    Compiling serde_derive v1.0.136
[INFO] [stderr]    Compiling serde_repr v0.1.7
[INFO] [stderr]     Checking tokio v1.17.0
[INFO] [stderr]     Checking thiserror v1.0.30
[INFO] [stderr]     Checking tungstenite v0.17.2
[INFO] [stderr]     Checking futures-executor v0.3.21
[INFO] [stderr]     Checking futures v0.3.21
[INFO] [stderr]     Checking tokio-tungstenite v0.17.1
[INFO] [stderr]     Checking tokio-stream v0.1.8
[INFO] [stderr]     Checking he-uses-tabs v0.1.0 (/opt/rustwide/workdir)
[INFO] [stdout] error[E0433]: failed to resolve: use of undeclared crate or module `message`
[INFO] [stdout]    --> src/bin/server.rs:405:19
[INFO] [stdout]     |
[INFO] [stdout] 405 | ...                   sinka.send(message::text(winner_msg)).await.unwrap();
[INFO] [stdout]     |                                  ^^^^^^^
[INFO] [stdout]     |                                  |
[INFO] [stdout]     |                                  use of undeclared crate or module `message`
[INFO] [stdout]     |                                  help: an enum with a similar name exists: `Message`
[INFO] [stdout] 
[INFO] [stdout] 
[INFO] [stdout] error[E0433]: failed to resolve: use of undeclared crate or module `message`
[INFO] [stdout]    --> src/bin/server.rs:405:19
[INFO] [stdout]     |
[INFO] [stdout] 405 | ...                   sinka.send(message::text(winner_msg)).await.unwrap();
[INFO] [stdout]     |                                  ^^^^^^^
[INFO] [stdout]     |                                  |
[INFO] [stdout]     |                                  use of undeclared crate or module `message`
[INFO] [stdout]     |                                  help: an enum with a similar name exists: `Message`
[INFO] [stdout] 
[INFO] [stdout] 
[INFO] [stdout] error[E0433]: failed to resolve: use of undeclared crate or module `message`
[INFO] [stdout]    --> src/bin/server.rs:406:19
[INFO] [stdout]     |
[INFO] [stdout] 406 | ...                   sinkb.send(message::text(loser_msg)).await.unwrap();
[INFO] [stdout]     |                                  ^^^^^^^
[INFO] [stdout]     |                                  |
[INFO] [stdout]     |                                  use of undeclared crate or module `message`
[INFO] [stdout]     |                                  help: an enum with a similar name exists: `Message`
[INFO] [stdout] 
[INFO] [stdout] 
[INFO] [stdout] error[E0433]: failed to resolve: use of undeclared crate or module `message`
[INFO] [stdout]    --> src/bin/server.rs:406:19
[INFO] [stdout]     |
[INFO] [stdout] 406 | ...                   sinkb.send(message::text(loser_msg)).await.unwrap();
[INFO] [stdout]     |                                  ^^^^^^^
[INFO] [stdout]     |                                  |
[INFO] [stdout]     |                                  use of undeclared crate or module `message`
[INFO] [stdout]     |                                  help: an enum with a similar name exists: `Message`
[INFO] [stdout] 
[INFO] [stdout] 
[INFO] [stdout] error[E0433]: failed to resolve: use of undeclared crate or module `message`
[INFO] [stdout]    --> src/bin/server.rs:409:19
[INFO] [stdout]     |
[INFO] [stdout] 409 | ...                   sinkb.send(message::text(winner_msg)).await.unwrap();
[INFO] [stdout]     |                                  ^^^^^^^
[INFO] [stdout]     |                                  |
[INFO] [stdout]     |                                  use of undeclared crate or module `message`
[INFO] [stdout]     |                                  help: an enum with a similar name exists: `Message`
[INFO] [stdout] 
[INFO] [stdout] 
[INFO] [stdout] error[E0433]: failed to resolve: use of undeclared crate or module `message`
[INFO] [stdout]    --> src/bin/server.rs:409:19
[INFO] [stdout]     |
[INFO] [stdout] 409 | ...                   sinkb.send(message::text(winner_msg)).await.unwrap();
[INFO] [stdout]     |                                  ^^^^^^^
[INFO] [stdout]     |                                  |
[INFO] [stdout]     |                                  use of undeclared crate or module `message`
[INFO] [stdout]     |                                  help: an enum with a similar name exists: `Message`
[INFO] [stdout] 
[INFO] [stdout] 
[INFO] [stdout] error: aborting due to 3 previous errors
[INFO] [stdout] 
[INFO] [stdout] 
[INFO] [stdout] For more information about this error, try `rustc --explain E0433`.
[INFO] [stdout] 
[INFO] [stdout] error: aborting due to 3 previous errors
[INFO] [stdout] 
[INFO] [stdout] 
[INFO] [stdout] For more information about this error, try `rustc --explain E0433`.
[INFO] [stdout] 
[INFO] [stderr] error: could not compile `he-uses-tabs` (bin "server") due to 4 previous errors
[INFO] [stderr] warning: build failed, waiting for other jobs to finish...
[INFO] [stderr] error: could not compile `he-uses-tabs` (bin "server" test) due to 4 previous errors
[INFO] running `Command { std: "docker" "inspect" "8b90c0623f47487f1438b37d9bddada39c2a4fb7b519a4cf407dc0590de68403", kill_on_drop: false }`
[INFO] running `Command { std: "docker" "rm" "-f" "8b90c0623f47487f1438b37d9bddada39c2a4fb7b519a4cf407dc0590de68403", kill_on_drop: false }`
[INFO] [stdout] 8b90c0623f47487f1438b37d9bddada39c2a4fb7b519a4cf407dc0590de68403
